{"id":7534,"date":"2015-05-27T00:39:41","date_gmt":"2015-05-27T03:39:41","guid":{"rendered":"http:\/\/s11396.p20.sites.pressdns.com\/?page_id=6496"},"modified":"2023-11-22T16:42:35","modified_gmt":"2023-11-22T19:42:35","slug":"fale-conosco-v2","status":"publish","type":"page","link":"https:\/\/hrat.animaker.com.br\/?page_id=7534","title":{"rendered":"Fale Conosco"},"content":{"rendered":"\n<div class=\"container section-title-container\" ><h3 class=\"section-title section-title-normal\"><b aria-hidden=\"true\"><\/b><span class=\"section-title-main\" >Fale Conosco<\/span><b aria-hidden=\"true\"><\/b><\/h3><\/div>\n\n<div class=\"row row-large\"  id=\"row-208907469\">\n\n\n\t<div id=\"col-1177716739\" class=\"col small-12 large-12\"  >\n\t\t\t\t<div class=\"col-inner\"  >\n\t\t\t\n\t\t\t\n\n<p style=\"text-align: justify;\"><span style=\"font-size: 75%;\"><button id=\"bb1\" type=\"button\" value=\"Play\" class=\"responsivevoice-button\" title=\"ResponsiveVoice Tap to Start\/Stop Speech\"><span>&#128266; Ouvir<\/span><\/button>\n        <script>\n            bb1.onclick = function(){\n                if(responsiveVoice.isPlaying()){\n                    responsiveVoice.cancel();\n                }else{\n                    responsiveVoice.speak(\"O Hospital coloca \u00e0 sua disposi\u00e7\u00e3o o Servi\u00e7o de Atendimento ao Usu\u00e1rio (S.A.U.), um canal de comunica\u00e7\u00e3o que tem o objetivo de receber elogios, sugest\u00f5es e cr\u00edticas. O atendimento do S.A.U. \u00e9 realizado por telefone ou via e-mail; de segunda \u00e0 sexta-feira das 8 \u00e0s 17 horas. Formas de contato: E-mail: sau@hrat.spdm.org.br Telefone: (11) 4744.8202\", \"Brazilian Portuguese Female\");\n                }\n            };\n        <\/script>\n     <\/span>O Hospital coloca \u00e0 sua disposi\u00e7\u00e3o o Servi\u00e7o de Atendimento ao Usu\u00e1rio (S.A.U.), um canal de comunica\u00e7\u00e3o que tem o objetivo de receber elogios, sugest\u00f5es e cr\u00edticas.<\/p>\n<div id=\"escondido_b\">\n<p style=\"text-align: justify;\"><span style=\"font-weight: 400;\">O atendimento do S.A.U. \u00e9 realizado por telefone ou via e-mail; de segunda \u00e0 sexta-feira das 8 \u00e0s 17 horas.&nbsp;<\/span><\/p>\n<p style=\"text-align: justify;\"><span style=\"font-weight: 400;\">Formas de contato:<\/span><\/p>\n<p style=\"text-align: justify;\"><span style=\"font-weight: 400;\">E-mail:<\/span> <a href=\"mailto:sau@hrat.spdm.org.br\"><span style=\"font-weight: 400;\">sau@hrat.spdm.org.br<\/span><\/a><\/p>\n<p style=\"text-align: justify;\"><span style=\"font-weight: 400;\">Telefone: (11) 4744.8202 <\/span><span style=\"font-size: 14.4px;\"><\/span><\/p>\n<\/div>\n\n\t\t<\/div>\n\t\t\t\t\t<\/div>\n\n\t\n\n<\/div>\n","protected":false},"excerpt":{"rendered":"","protected":false},"author":1,"featured_media":0,"parent":0,"menu_order":0,"comment_status":"closed","ping_status":"closed","template":"","meta":{"footnotes":""},"class_list":["post-7534","page","type-page","status-publish","hentry"],"_links":{"self":[{"href":"https:\/\/hrat.animaker.com.br\/index.php?rest_route=\/wp\/v2\/pages\/7534","targetHints":{"allow":["GET"]}}],"collection":[{"href":"https:\/\/hrat.animaker.com.br\/index.php?rest_route=\/wp\/v2\/pages"}],"about":[{"href":"https:\/\/hrat.animaker.com.br\/index.php?rest_route=\/wp\/v2\/types\/page"}],"author":[{"embeddable":true,"href":"https:\/\/hrat.animaker.com.br\/index.php?rest_route=\/wp\/v2\/users\/1"}],"replies":[{"embeddable":true,"href":"https:\/\/hrat.animaker.com.br\/index.php?rest_route=%2Fwp%2Fv2%2Fcomments&post=7534"}],"version-history":[{"count":0,"href":"https:\/\/hrat.animaker.com.br\/index.php?rest_route=\/wp\/v2\/pages\/7534\/revisions"}],"wp:attachment":[{"href":"https:\/\/hrat.animaker.com.br\/index.php?rest_route=%2Fwp%2Fv2%2Fmedia&parent=7534"}],"curies":[{"name":"wp","href":"https:\/\/api.w.org\/{rel}","templated":true}]}}