{"id":7537,"date":"2015-06-03T19:34:40","date_gmt":"2015-06-03T22:34:40","guid":{"rendered":"http:\/\/s11396.p20.sites.pressdns.com\/?page_id=6570"},"modified":"2024-02-01T16:43:31","modified_gmt":"2024-02-01T19:43:31","slug":"qualidade-e-seguranca-v2","status":"publish","type":"page","link":"https:\/\/hrat.animaker.com.br\/?page_id=7537","title":{"rendered":"Qualidade e Seguran\u00e7a"},"content":{"rendered":"<div class=\"container section-title-container\" ><h3 class=\"section-title section-title-normal\"><b aria-hidden=\"true\"><\/b><span class=\"section-title-main\" >Qualidade e Seguran\u00e7a<\/span><b aria-hidden=\"true\"><\/b><\/h3><\/div>\n\n\t<section class=\"section\" id=\"section_60485239\">\n\t\t<div class=\"section-bg fill\" >\n\t\t\t\t\t\t\t\t\t\n\t\t\t\n\n\t\t<\/div>\n\n\t\t\n\n\t\t<div class=\"section-content relative\">\n\t\t\t\n<div class=\"row\"  id=\"row-1618054634\">\n\n\t<div id=\"col-93000291\" class=\"col medium-6 small-12 large-6 has-hover\"  >\n\t\t\t\t<div class=\"col-inner box-shadow-1 box-shadow-1-hover\" style=\"background-color:rgb(244, 252, 255);\" >\n\t\t\t\n\t<div class=\"is-border hover-fade-out\"\n\t\tstyle=\"border-color:rgb(10, 164, 241);border-radius:27px;border-width:1px 1px 1px 1px;\">\n\t<\/div>\n\t\t\t\n<h3>Gest\u00e3o da Qualidade<span style=\"font-size: 75%;\"><button id=\"bb1\" type=\"button\" value=\"Play\" class=\"responsivevoice-button\" title=\"ResponsiveVoice Tap to Start\/Stop Speech\"><span>&#128266; Ouvir<\/span><\/button>\n        <script>\n            bb1.onclick = function(){\n                if(responsiveVoice.isPlaying()){\n                    responsiveVoice.cancel();\n                }else{\n                    responsiveVoice.speak(\"A Gest\u00e3o da Qualidade\u00e9 um elemento diferenciador que vem contribuir e estimular de forma efetiva a melhoria dos processos e presta\u00e7\u00e3o da assist\u00eancia \u00e0 sa\u00fade. A pol\u00edtica de gest\u00e3o da qualidade do Hospital tem o objetivo de avaliar, medir e readequar sistematicamente os processos de forma a garantir a melhoria cont\u00ednua e seguran\u00e7a na assist\u00eancia prestada.\", \"Brazilian Portuguese Female\");\n                }\n            };\n        <\/script>\n    <\/span><\/h3>\n<p><span style=\"font-weight: 400;\">A Gest\u00e3o da Qualidade&nbsp;\u00e9 um elemento diferenciador que vem contribuir e estimular de forma efetiva a melhoria dos processos e presta\u00e7\u00e3o da assist\u00eancia \u00e0 sa\u00fade.<\/span><\/p>\n<p><span style=\"font-weight: 400;\">A pol\u00edtica de gest\u00e3o da qualidade do Hospital tem o objetivo de avaliar, medir e readequar sistematicamente os processos de forma a garantir a melhoria cont\u00ednua e seguran\u00e7a na assist\u00eancia prestada.<\/span>\n<h3 class=\"accordion_title\">Pr\u00eamios e Certificados<\/h3><div class=\"accordion\">\n\t<div id=\"accordion-1435384264\" class=\"accordion-item\">\n\t\t<a id=\"accordion-1435384264-label\" class=\"accordion-title plain\" href=\"#accordion-item-selo-de-direitos-humanos-e-diversidade\" aria-expanded=\"false\" aria-controls=\"accordion-1435384264-content\">\n\t\t\t<button class=\"toggle\" aria-label=\"Toggle\"><i class=\"icon-angle-down\" aria-hidden=\"true\"><\/i><\/button>\n\t\t\t<span>Selo de Direitos Humanos e Diversidade<\/span>\n\t\t<\/a>\n\t\t<div id=\"accordion-1435384264-content\" class=\"accordion-inner\" aria-labelledby=\"accordion-1435384264-label\">\n\t\t\t\n<p><img loading=\"lazy\" decoding=\"async\" class=\"wp-image-8977  aligncenter\" src=\"http:\/\/hrat.animaker.com.br\/wp-content\/uploads\/sites\/158\/2024\/02\/Logo-Principal-Vertical.png\" alt=\"\" width=\"303\" height=\"363\" srcset=\"https:\/\/hrat.animaker.com.br\/wp-content\/uploads\/sites\/158\/2024\/02\/Logo-Principal-Vertical.png 550w, https:\/\/hrat.animaker.com.br\/wp-content\/uploads\/sites\/158\/2024\/02\/Logo-Principal-Vertical-251x300.png 251w\" sizes=\"auto, (max-width: 303px) 100vw, 303px\" \/><\/p>\n\t\t<\/div>\n\t<\/div>\n\t\n<\/div>\n\t\t<\/div>\n\t\t\t\t\n<style>\n#col-93000291 > .col-inner {\n  padding: 5px 28px 28px 28px;\n  border-radius: 26px;\n}\n<\/style>\n\t<\/div>\n\n\t\n\n\t<div id=\"col-570086124\" class=\"col medium-6 small-12 large-6\"  >\n\t\t\t\t<div class=\"col-inner\"  >\n\t\t\t\n\t\t\t\n<h3>Gest\u00e3o de Seguran\u00e7a<span style=\"font-size: 75%;\"><button id=\"bb2\" type=\"button\" value=\"Play\" class=\"responsivevoice-button\" title=\"ResponsiveVoice Tap to Start\/Stop Speech\"><span>&#128266; Ouvir<\/span><\/button>\n        <script>\n            bb2.onclick = function(){\n                if(responsiveVoice.isPlaying()){\n                    responsiveVoice.cancel();\n                }else{\n                    responsiveVoice.speak(\"A Seguran\u00e7a do Paciente \u00e9 prioridade no Hospital Regional do Alto Tiet\u00ea. O hospital possui equipe multiprofissional que realiza o mapeamento de poss\u00edveis riscos dos processos relacionados \u00e0 assist\u00eancia do paciente. Medidas de preven\u00e7\u00e3o s\u00e3o tomadas no sentido de promover maior seguran\u00e7a. A implanta\u00e7\u00e3o de boas pr\u00e1ticas de seguran\u00e7a aos pacientes \u00e9baseada em diretrizes nacionais e internacionais.\", \"Brazilian Portuguese Female\");\n                }\n            };\n        <\/script>\n    <\/span><\/h3>\n<p><span style=\"font-weight: 400;\">A Seguran\u00e7a do Paciente \u00e9 prioridade no Hospital Regional do Alto Tiet\u00ea.<\/span><\/p>\n<p><span style=\"font-weight: 400;\">O hospital possui equipe multiprofissional que realiza o mapeamento de poss\u00edveis riscos dos processos relacionados \u00e0 assist\u00eancia do paciente. Medidas de preven\u00e7\u00e3o s\u00e3o tomadas no sentido de promover maior seguran\u00e7a. A implanta\u00e7\u00e3o de boas pr\u00e1ticas de seguran\u00e7a aos pacientes \u00e9&nbsp;baseada em diretrizes nacionais e internacionais.<\/span>\n<div class=\"accordion\">\n\t<div id=\"accordion-3342694157\" class=\"accordion-item\">\n\t\t<a id=\"accordion-3342694157-label\" class=\"accordion-title plain\" href=\"#accordion-item-controle-de-infec\u00e7\u00e3o-hospitalar\" aria-expanded=\"false\" aria-controls=\"accordion-3342694157-content\">\n\t\t\t<button class=\"toggle\" aria-label=\"Toggle\"><i class=\"icon-angle-down\" aria-hidden=\"true\"><\/i><\/button>\n\t\t\t<span>Controle de Infec\u00e7\u00e3o Hospitalar<\/span>\n\t\t<\/a>\n\t\t<div id=\"accordion-3342694157-content\" class=\"accordion-inner\" aria-labelledby=\"accordion-3342694157-label\">\n\t\t\t\n<p><span style=\"font-weight: 400;\">Para garantir o bem-estar e a seguran\u00e7a das instala\u00e7\u00f5es, o Hospital conta com o Servi\u00e7o de Controle de Infec\u00e7\u00e3o Hospitalar (SCIH), que atua na preven\u00e7\u00e3o de infec\u00e7\u00f5es&nbsp;e&nbsp;no&nbsp;controle de microrganismos resistentes&nbsp;em toda a institui\u00e7\u00e3o.&nbsp;Entre as a\u00e7\u00f5es adotadas pelo SCIH,&nbsp;est\u00e3o a busca ativa de infec\u00e7\u00f5es hospitalares, auditorias de processos internos para verifica\u00e7\u00e3o da conformidade com as normas do Servi\u00e7o e Controle de Infec\u00e7\u00e3o, vigil\u00e2ncia do uso de antimicrobianos de uso restrito e treinamento cont\u00ednuo dos profissionais da institui\u00e7\u00e3o.<\/span><\/p>\n\t\t<\/div>\n\t<\/div>\n\t\n\t<div id=\"accordion-2469670107\" class=\"accordion-item\">\n\t\t<a id=\"accordion-2469670107-label\" class=\"accordion-title plain\" href=\"#accordion-item-situa\u00e7\u00e3o-de-urg\u00eancia\" aria-expanded=\"false\" aria-controls=\"accordion-2469670107-content\">\n\t\t\t<button class=\"toggle\" aria-label=\"Toggle\"><i class=\"icon-angle-down\" aria-hidden=\"true\"><\/i><\/button>\n\t\t\t<span>Situa\u00e7\u00e3o de urg\u00eancia<\/span>\n\t\t<\/a>\n\t\t<div id=\"accordion-2469670107-content\" class=\"accordion-inner\" aria-labelledby=\"accordion-2469670107-label\">\n\t\t\t\n<p style=\"text-align: justify;\"><span style=\"font-weight: 400;\">No caso de situa\u00e7\u00e3o de urg\u00eancia, em que h\u00e1 impossibilidade de o paciente consentir sobre o procedimento, \u00e9 imprescind\u00edvel que um familiar\/respons\u00e1vel seja localizado para sua obten\u00e7\u00e3o. Havendo a restri\u00e7\u00e3o de tempo para a tomada da decis\u00e3o, o m\u00e9dico executor dever\u00e1 registrar essa condi\u00e7\u00e3o no prontu\u00e1rio do paciente no impresso de consentimento institucional.<\/span><\/p>\n\t\t<\/div>\n\t<\/div>\n\t\n\t<div id=\"accordion-1991435786\" class=\"accordion-item\">\n\t\t<a id=\"accordion-1991435786-label\" class=\"accordion-title plain\" href=\"#accordion-item-pol\u00edtica-de-sil\u00eancio\" aria-expanded=\"false\" aria-controls=\"accordion-1991435786-content\">\n\t\t\t<button class=\"toggle\" aria-label=\"Toggle\"><i class=\"icon-angle-down\" aria-hidden=\"true\"><\/i><\/button>\n\t\t\t<span>Pol\u00edtica de sil\u00eancio<\/span>\n\t\t<\/a>\n\t\t<div id=\"accordion-1991435786-content\" class=\"accordion-inner\" aria-labelledby=\"accordion-1991435786-label\">\n\t\t\t\n<p style=\"text-align: justify;\"><span style=\"font-weight: 400;\">\u00c9 importante que pacientes, acompanhantes e visitantes mantenham um tom de voz mais baixo que o usual para n\u00e3o incomodar outros pacientes e a equipe assistencial. O uso de celular deve ser evitado nos quartos e corredores.<\/span><\/p>\n\t\t<\/div>\n\t<\/div>\n\t\n\t<div id=\"accordion-2806215006\" class=\"accordion-item\">\n\t\t<a id=\"accordion-2806215006-label\" class=\"accordion-title plain\" href=\"#accordion-item-conserva\u00e7\u00e3o-do-bem-p\u00fablico\" aria-expanded=\"false\" aria-controls=\"accordion-2806215006-content\">\n\t\t\t<button class=\"toggle\" aria-label=\"Toggle\"><i class=\"icon-angle-down\" aria-hidden=\"true\"><\/i><\/button>\n\t\t\t<span>Conserva\u00e7\u00e3o do Bem p\u00fablico<\/span>\n\t\t<\/a>\n\t\t<div id=\"accordion-2806215006-content\" class=\"accordion-inner\" aria-labelledby=\"accordion-2806215006-label\">\n\t\t\t\n<p style=\"text-align: justify;\"><span style=\"font-weight: 400;\">O Patrim\u00f4nio P\u00fablico \u00e9 o conjunto de bens e direitos, adquiridos com recursos p\u00fablicos, integrantes do patrim\u00f4nio de qualquer entidade p\u00fablica.<\/span><\/p>\n<p style=\"text-align: justify;\"><span style=\"font-weight: 400;\">O Regional do Alto Tiet\u00ea \u00e9 um bem p\u00fablico de uso especial, cabendo a todos o dever de zelar e preservar, conforme Lei Federal 13.531\/2017 e Artigo 163 \u2013 Inciso II do C\u00f3digo Penal e Artigo 99&nbsp;do&nbsp;C\u00f3digo Civil, inciso II.<\/span><\/p>\n\t\t<\/div>\n\t<\/div>\n\t\n<\/div>\n<div class=\"row align-middle align-center\"  id=\"row-1083599457\">\n\n\t<div id=\"col-344360017\" class=\"col small-12 large-12\"  >\n\t\t\t\t<div class=\"col-inner box-shadow-1 box-shadow-1-hover\"  >\n\t\t\t\n\t<div class=\"is-border\"\n\t\tstyle=\"border-color:rgb(10, 164, 241);border-radius:27px;border-width:1px 1px 1px 1px;\">\n\t<\/div>\n\t\t\t\n<h3 style=\"text-align: center;\">Importante que voc\u00ea saiba: <span style=\"font-size: 75%;\"><button id=\"bb3\" type=\"button\" value=\"Play\" class=\"responsivevoice-button\" title=\"ResponsiveVoice Tap to Start\/Stop Speech\"><span>&#128266; Ouvir<\/span><\/button>\n        <script>\n            bb3.onclick = function(){\n                if(responsiveVoice.isPlaying()){\n                    responsiveVoice.cancel();\n                }else{\n                    responsiveVoice.speak(\"O que \u00e9 Consentimento Informado? \u00c9 um documento assinado pelo paciente ou respons\u00e1vel (quando o paciente for menor de idade ou incapaz) antes da interna\u00e7\u00e3o, com o consentimento para o procedimento que ser\u00e1 realizado. As informa\u00e7\u00f5es transmitidas ao paciente devem ser prestadas de forma clara e precisa, e os profissionais devem se certificar de que foram compreendidas pelo paciente e\/ou respons\u00e1vel legal. Ap\u00f3s a explica\u00e7\u00e3o, o paciente e\/ou respons\u00e1vel dever\u00e1 ter a oportunidade de fazer perguntas, sendo elas respondidas de forma clara.\", \"Brazilian Portuguese Female\");\n                }\n            };\n        <\/script>\n    <\/span><\/h3>\n<p style=\"text-align: justify;\"><b>&nbsp;<\/b><span style=\"font-weight: 400;\">O que \u00e9 Consentimento Informado?<\/span><\/p>\n<p style=\"text-align: justify;\"><span style=\"font-weight: 400;\">\u00c9 um documento assinado pelo paciente ou respons\u00e1vel (quando o paciente for menor de idade ou incapaz) antes da interna\u00e7\u00e3o, com o consentimento para o procedimento que ser\u00e1 realizado. As informa\u00e7\u00f5es transmitidas ao paciente devem ser prestadas de forma clara e precisa, e os profissionais devem se certificar de que foram compreendidas pelo paciente e\/ou respons\u00e1vel legal. Ap\u00f3s a explica\u00e7\u00e3o, o paciente e\/ou respons\u00e1vel dever\u00e1 ter a oportunidade de fazer perguntas, sendo elas respondidas de forma clara.<\/span>\n\t\t<\/div>\n\t\t\t\t\n<style>\n#col-344360017 > .col-inner {\n  padding: 5px 28px 28px 28px;\n  border-radius: 27px;\n}\n<\/style>\n\t<\/div>\n\n\t\n<\/div>\n\t\t<\/div>\n\t\t\t\t\t<\/div>\n\n\t\n<\/div>\n\t\t<\/div>\n\n\t\t\n<style>\n#section_60485239 {\n  padding-top: 15px;\n  padding-bottom: 15px;\n}\n<\/style>\n\t<\/section>\n\t\n","protected":false},"excerpt":{"rendered":"","protected":false},"author":1,"featured_media":0,"parent":0,"menu_order":0,"comment_status":"closed","ping_status":"closed","template":"","meta":{"footnotes":""},"class_list":["post-7537","page","type-page","status-publish","hentry"],"_links":{"self":[{"href":"https:\/\/hrat.animaker.com.br\/index.php?rest_route=\/wp\/v2\/pages\/7537","targetHints":{"allow":["GET"]}}],"collection":[{"href":"https:\/\/hrat.animaker.com.br\/index.php?rest_route=\/wp\/v2\/pages"}],"about":[{"href":"https:\/\/hrat.animaker.com.br\/index.php?rest_route=\/wp\/v2\/types\/page"}],"author":[{"embeddable":true,"href":"https:\/\/hrat.animaker.com.br\/index.php?rest_route=\/wp\/v2\/users\/1"}],"replies":[{"embeddable":true,"href":"https:\/\/hrat.animaker.com.br\/index.php?rest_route=%2Fwp%2Fv2%2Fcomments&post=7537"}],"version-history":[{"count":0,"href":"https:\/\/hrat.animaker.com.br\/index.php?rest_route=\/wp\/v2\/pages\/7537\/revisions"}],"wp:attachment":[{"href":"https:\/\/hrat.animaker.com.br\/index.php?rest_route=%2Fwp%2Fv2%2Fmedia&parent=7537"}],"curies":[{"name":"wp","href":"https:\/\/api.w.org\/{rel}","templated":true}]}}