{"id":8852,"date":"2023-11-05T18:28:09","date_gmt":"2023-11-05T18:28:09","guid":{"rendered":"https:\/\/caps.spdmafiliadas.org.br\/?page_id=8852"},"modified":"2023-11-05T18:28:09","modified_gmt":"2023-11-05T18:28:09","slug":"privacidade","status":"publish","type":"page","link":"https:\/\/hrat.animaker.com.br\/?page_id=8852","title":{"rendered":"Privacidade"},"content":{"rendered":"<div class=\"container section-title-container\" ><h3 class=\"section-title section-title-normal\"><b aria-hidden=\"true\"><\/b><span class=\"section-title-main\" >PRIVACIDADE NA SPDM<\/span><b aria-hidden=\"true\"><\/b><\/h3><\/div>\n<p class=\"p1\" style=\"text-align: justify\"><span class=\"s1\"><button id=\"bb1\" type=\"button\" value=\"Play\" class=\"responsivevoice-button\" title=\"ResponsiveVoice Tap to Start\/Stop Speech\"><span>&#128266; Ouvir<\/span><\/button>\n        <script>\n            bb1.onclick = function(){\n                if(responsiveVoice.isPlaying()){\n                    responsiveVoice.cancel();\n                }else{\n                    responsiveVoice.speak(\"A SPDM, sempre atenta aos avan\u00e7os legais e tecnol\u00f3gicos, bem como primando pelas melhores pr\u00e1ticas na consecu\u00e7\u00e3o de seus objetivos estatut\u00e1rios, tem na privacidade e na prote\u00e7\u00e3o de dados dos pacientes e demais usu\u00e1rios de seus servi\u00e7os um ponto de grande aten\u00e7\u00e3o, envidando seus melhores esfor\u00e7os para que as informa\u00e7\u00f5es utilizadas em seus servi\u00e7os sejam tratadas de forma \u00e9tica, legal e segura. Neste sentido, a SPDM iniciou um extenso processo de adequa\u00e7\u00e3o de suas atividades \u00e0s obriga\u00e7\u00f5es trazidas pela LGPD, tendo nomeado encarregado pelo tratamento de dados pessoais, conforme expressa obriga\u00e7\u00e3o legal, e criado um setor espec\u00edfico para lidar com os temas de privacidade afetos \u00e0 institui\u00e7\u00e3o. A partir destas medidas iniciais, a institui\u00e7\u00e3o adotou medidas t\u00e9cnicas e administrativas voltadas a garantir o cumprimento de suas obriga\u00e7\u00f5es legais e, acima de tudo, a efetiva prote\u00e7\u00e3o da privacidade e dos dados dos pacientes.\", \"Brazilian Portuguese Female\");\n                }\n            };\n        <\/script>\n    A SPDM, sempre atenta aos avan\u00e7os legais e tecnol\u00f3gicos, bem como primando pelas melhores pr\u00e1ticas na consecu\u00e7\u00e3o de seus objetivos estatut\u00e1rios, tem na privacidade e na prote\u00e7\u00e3o de dados dos pacientes e demais usu\u00e1rios de seus servi\u00e7os um ponto de grande aten\u00e7\u00e3o, envidando seus melhores esfor\u00e7os para que as informa\u00e7\u00f5es utilizadas em seus servi\u00e7os sejam tratadas de forma \u00e9tica, legal e segura. <\/span><\/p>\n<p class=\"p1\" style=\"text-align: justify\"><span class=\"s1\">Neste sentido, a SPDM iniciou um extenso processo de adequa\u00e7\u00e3o de suas atividades \u00e0s obriga\u00e7\u00f5es trazidas pela LGPD, tendo nomeado encarregado pelo tratamento de dados pessoais, conforme expressa obriga\u00e7\u00e3o legal, e criado um setor espec\u00edfico para lidar com os temas de privacidade afetos \u00e0 institui\u00e7\u00e3o.<\/span><\/p>\n<p class=\"p1\" style=\"text-align: justify\"><span class=\"s1\">A partir destas medidas iniciais, a institui\u00e7\u00e3o adotou medidas t\u00e9cnicas e administrativas voltadas a garantir o cumprimento de suas obriga\u00e7\u00f5es legais e, acima de tudo, a efetiva prote\u00e7\u00e3o da privacidade e dos dados dos pacientes. <\/span><\/p>\n","protected":false},"excerpt":{"rendered":"","protected":false},"author":1,"featured_media":0,"parent":0,"menu_order":0,"comment_status":"closed","ping_status":"closed","template":"","meta":{"footnotes":""},"class_list":["post-8852","page","type-page","status-publish","hentry"],"_links":{"self":[{"href":"https:\/\/hrat.animaker.com.br\/index.php?rest_route=\/wp\/v2\/pages\/8852","targetHints":{"allow":["GET"]}}],"collection":[{"href":"https:\/\/hrat.animaker.com.br\/index.php?rest_route=\/wp\/v2\/pages"}],"about":[{"href":"https:\/\/hrat.animaker.com.br\/index.php?rest_route=\/wp\/v2\/types\/page"}],"author":[{"embeddable":true,"href":"https:\/\/hrat.animaker.com.br\/index.php?rest_route=\/wp\/v2\/users\/1"}],"replies":[{"embeddable":true,"href":"https:\/\/hrat.animaker.com.br\/index.php?rest_route=%2Fwp%2Fv2%2Fcomments&post=8852"}],"version-history":[{"count":0,"href":"https:\/\/hrat.animaker.com.br\/index.php?rest_route=\/wp\/v2\/pages\/8852\/revisions"}],"wp:attachment":[{"href":"https:\/\/hrat.animaker.com.br\/index.php?rest_route=%2Fwp%2Fv2%2Fmedia&parent=8852"}],"curies":[{"name":"wp","href":"https:\/\/api.w.org\/{rel}","templated":true}]}}